[INFO] fetching crate matrix-pickle-derive 0.1.0...
[INFO] checking matrix-pickle-derive-0.1.0 against master#9610dfe5a9a731ced1ea4923ecbd0c57fe367898 for beta-170-4
[INFO] extracting crate matrix-pickle-derive 0.1.0 into /workspace/builds/worker-5-tc1/source
[INFO] validating manifest of crates.io crate matrix-pickle-derive 0.1.0 on toolchain 9610dfe5a9a731ced1ea4923ecbd0c57fe367898
[INFO] running `Command { std: CARGO_HOME="/workspace/cargo-home" RUSTUP_HOME="/workspace/rustup-home" "/workspace/cargo-home/bin/cargo" "+9610dfe5a9a731ced1ea4923ecbd0c57fe367898" "metadata" "--manifest-path" "Cargo.toml" "--no-deps", kill_on_drop: false }`
[INFO] started tweaking crates.io crate matrix-pickle-derive 0.1.0
[INFO] finished tweaking crates.io crate matrix-pickle-derive 0.1.0
[INFO] tweaked toml for crates.io crate matrix-pickle-derive 0.1.0 written to /workspace/builds/worker-5-tc1/source/Cargo.toml
[INFO] running `Command { std: CARGO_HOME="/workspace/cargo-home" RUSTUP_HOME="/workspace/rustup-home" __CARGO_TEST_CHANNEL_OVERRIDE_DO_NOT_USE_THIS="nightly" "/workspace/cargo-home/bin/cargo" "+9610dfe5a9a731ced1ea4923ecbd0c57fe367898" "generate-lockfile" "--manifest-path" "Cargo.toml" "-Zno-index-update", kill_on_drop: false }`
[INFO] running `Command { std: CARGO_HOME="/workspace/cargo-home" RUSTUP_HOME="/workspace/rustup-home" "/workspace/cargo-home/bin/cargo" "+9610dfe5a9a731ced1ea4923ecbd0c57fe367898" "fetch" "--manifest-path" "Cargo.toml", kill_on_drop: false }`
[INFO] running `Command { std: "docker" "create" "-v" "/var/lib/crater-agent-workspace/builds/worker-5-tc1/target:/opt/rustwide/target:rw,Z" "-v" "/var/lib/crater-agent-workspace/builds/worker-5-tc1/source:/opt/rustwide/workdir:ro,Z" "-v" "/var/lib/crater-agent-workspace/cargo-home:/opt/rustwide/cargo-home:ro,Z" "-v" "/var/lib/crater-agent-workspace/rustup-home:/opt/rustwide/rustup-home:ro,Z" "-e" "SOURCE_DIR=/opt/rustwide/workdir" "-e" "CARGO_TARGET_DIR=/opt/rustwide/target" "-e" "CARGO_HOME=/opt/rustwide/cargo-home" "-e" "RUSTUP_HOME=/opt/rustwide/rustup-home" "-w" "/opt/rustwide/workdir" "-m" "1610612736" "--user" "0:0" "--network" "none" "ghcr.io/rust-lang/crates-build-env/linux@sha256:19e73879b68f455e41552ea35293514db52ea292d993f571636dbffedb77a1ee" "/opt/rustwide/cargo-home/bin/cargo" "+9610dfe5a9a731ced1ea4923ecbd0c57fe367898" "metadata" "--no-deps" "--format-version=1", kill_on_drop: false }`
[INFO] [stdout] 6f85729b7c5bdf2fe93691380be3d726ed49f92038623eea5cc68f150501780c
[INFO] running `Command { std: "docker" "start" "-a" "6f85729b7c5bdf2fe93691380be3d726ed49f92038623eea5cc68f150501780c", kill_on_drop: false }`
[INFO] running `Command { std: "docker" "inspect" "6f85729b7c5bdf2fe93691380be3d726ed49f92038623eea5cc68f150501780c", kill_on_drop: false }`
[INFO] running `Command { std: "docker" "rm" "-f" "6f85729b7c5bdf2fe93691380be3d726ed49f92038623eea5cc68f150501780c", kill_on_drop: false }`
[INFO] [stdout] 6f85729b7c5bdf2fe93691380be3d726ed49f92038623eea5cc68f150501780c
[INFO] running `Command { std: "docker" "create" "-v" "/var/lib/crater-agent-workspace/builds/worker-5-tc1/target:/opt/rustwide/target:rw,Z" "-v" "/var/lib/crater-agent-workspace/builds/worker-5-tc1/source:/opt/rustwide/workdir:ro,Z" "-v" "/var/lib/crater-agent-workspace/cargo-home:/opt/rustwide/cargo-home:ro,Z" "-v" "/var/lib/crater-agent-workspace/rustup-home:/opt/rustwide/rustup-home:ro,Z" "-e" "SOURCE_DIR=/opt/rustwide/workdir" "-e" "CARGO_TARGET_DIR=/opt/rustwide/target" "-e" "CARGO_INCREMENTAL=0" "-e" "RUST_BACKTRACE=full" "-e" "RUSTFLAGS=--cap-lints=forbid" "-e" "RUSTDOCFLAGS=--cap-lints=forbid" "-e" "CARGO_HOME=/opt/rustwide/cargo-home" "-e" "RUSTUP_HOME=/opt/rustwide/rustup-home" "-w" "/opt/rustwide/workdir" "-m" "1610612736" "--user" "0:0" "--network" "none" "ghcr.io/rust-lang/crates-build-env/linux@sha256:19e73879b68f455e41552ea35293514db52ea292d993f571636dbffedb77a1ee" "/opt/rustwide/cargo-home/bin/cargo" "+9610dfe5a9a731ced1ea4923ecbd0c57fe367898" "check" "--frozen" "--all" "--all-targets" "--message-format=json", kill_on_drop: false }`
[INFO] [stdout] 75af008debba3023bb94a40f446ef5173b16d82828924fa7d8a233e4e787f23c
[INFO] running `Command { std: "docker" "start" "-a" "75af008debba3023bb94a40f446ef5173b16d82828924fa7d8a233e4e787f23c", kill_on_drop: false }`
[INFO] [stderr]     Checking unicode-ident v1.0.9
[INFO] [stderr]     Checking hashbrown v0.12.3
[INFO] [stderr]     Checking toml_datetime v0.6.2
[INFO] [stderr]    Compiling syn v1.0.109
[INFO] [stderr]     Checking winnow v0.4.6
[INFO] [stderr]     Checking once_cell v1.17.2
[INFO] [stderr]    Compiling proc-macro-error v1.0.4
[INFO] [stderr]    Compiling indexmap v1.9.3
[INFO] [stderr]    Compiling proc-macro-error-attr v1.0.4
[INFO] [stderr]     Checking proc-macro2 v1.0.59
[INFO] [stderr]     Checking quote v1.0.28
[INFO] [stderr]     Checking toml_edit v0.19.10
[INFO] [stderr]     Checking proc-macro-crate v1.3.1
[INFO] [stderr]     Checking matrix-pickle-derive v0.1.0 (/opt/rustwide/workdir)
[INFO] [stdout] error[E0432]: unresolved imports `syn::parse_macro_input`, `syn::parse_quote`, `syn::Data`, `syn::DataEnum`, `syn::DataStruct`, `syn::DeriveInput`, `syn::Field`, `syn::Fields`, `syn::FieldsNamed`, `syn::FieldsUnnamed`, `syn::GenericParam`, `syn::Type`
[INFO] [stdout]   --> src/lib.rs:38:5
[INFO] [stdout]    |
[INFO] [stdout] 38 |     parse_macro_input, parse_quote, punctuated::Punctuated, token::Comma, Data, DataEnum,
[INFO] [stdout]    |     ^^^^^^^^^^^^^^^^^  ^^^^^^^^^^^                                        ^^^^  ^^^^^^^^ no `DataEnum` in the root
[INFO] [stdout]    |     |                  |                                                  |
[INFO] [stdout]    |     |                  no `parse_quote` in the root                       no `Data` in the root
[INFO] [stdout]    |     no `parse_macro_input` in the root
[INFO] [stdout] 39 |     DataStruct, DeriveInput, Field, Fields, FieldsNamed, FieldsUnnamed, GenericParam, Type,
[INFO] [stdout]    |     ^^^^^^^^^^  ^^^^^^^^^^^  ^^^^^  ^^^^^^  ^^^^^^^^^^^  ^^^^^^^^^^^^^  ^^^^^^^^^^^^  ^^^^
[INFO] [stdout]    |     |           |            |      |       |            |
[INFO] [stdout]    |     |           |            |      |       |            no `FieldsUnnamed` in the root
[INFO] [stdout]    |     |           |            |      |       no `FieldsNamed` in the root
[INFO] [stdout]    |     |           |            |      no `Fields` in the root
[INFO] [stdout]    |     |           |            no `Field` in the root
[INFO] [stdout]    |     |           no `DeriveInput` in the root
[INFO] [stdout]    |     no `DataStruct` in the root
[INFO] [stdout] 
[INFO] [stdout] 
[INFO] [stdout] error[E0432]: unresolved imports `syn::parse_macro_input`, `syn::parse_quote`, `syn::Data`, `syn::DataEnum`, `syn::DataStruct`, `syn::DeriveInput`, `syn::Field`, `syn::Fields`, `syn::FieldsNamed`, `syn::FieldsUnnamed`, `syn::GenericParam`, `syn::Type`
[INFO] [stdout]   --> src/lib.rs:38:5
[INFO] [stdout]    |
[INFO] [stdout] 38 |     parse_macro_input, parse_quote, punctuated::Punctuated, token::Comma, Data, DataEnum,
[INFO] [stdout]    |     ^^^^^^^^^^^^^^^^^  ^^^^^^^^^^^                                        ^^^^  ^^^^^^^^ no `DataEnum` in the root
[INFO] [stdout]    |     |                  |                                                  |
[INFO] [stdout]    |     |                  no `parse_quote` in the root                       no `Data` in the root
[INFO] [stdout]    |     no `parse_macro_input` in the root
[INFO] [stdout] 39 |     DataStruct, DeriveInput, Field, Fields, FieldsNamed, FieldsUnnamed, GenericParam, Type,
[INFO] [stdout]    |     ^^^^^^^^^^  ^^^^^^^^^^^  ^^^^^  ^^^^^^  ^^^^^^^^^^^  ^^^^^^^^^^^^^  ^^^^^^^^^^^^  ^^^^
[INFO] [stdout]    |     |           |            |      |       |            |
[INFO] [stdout]    |     |           |            |      |       |            no `FieldsUnnamed` in the root
[INFO] [stdout]    |     |           |            |      |       no `FieldsNamed` in the root
[INFO] [stdout]    |     |           |            |      no `Fields` in the root
[INFO] [stdout]    |     |           |            no `Field` in the root
[INFO] [stdout]    |     |           no `DeriveInput` in the root
[INFO] [stdout]    |     no `DataStruct` in the root
[INFO] [stdout] 
[INFO] [stdout] 
[INFO] [stdout] error: cannot determine resolution for the macro `parse_macro_input`
[INFO] [stdout]    --> src/lib.rs:154:21
[INFO] [stdout]     |
[INFO] [stdout] 154 |     let mut input = parse_macro_input!(input as DeriveInput);
[INFO] [stdout]     |                     ^^^^^^^^^^^^^^^^^
[INFO] [stdout]     |
[INFO] [stdout]     = note: import resolution is stuck, try simplifying macro imports
[INFO] [stdout] 
[INFO] [stdout] 
[INFO] [stdout] error: cannot determine resolution for the macro `parse_macro_input`
[INFO] [stdout]    --> src/lib.rs:154:21
[INFO] [stdout]     |
[INFO] [stdout] 154 |     let mut input = parse_macro_input!(input as DeriveInput);
[INFO] [stdout]     |                     ^^^^^^^^^^^^^^^^^
[INFO] [stdout]     |
[INFO] [stdout]     = note: import resolution is stuck, try simplifying macro imports
[INFO] [stdout] 
[INFO] [stdout] 
[INFO] [stdout] error: cannot determine resolution for the macro `parse_quote`
[INFO] [stdout]    --> src/lib.rs:161:36
[INFO] [stdout]     |
[INFO] [stdout] 161 |             type_param.bounds.push(parse_quote!(#matrix_pickle::Encode));
[INFO] [stdout]     |                                    ^^^^^^^^^^^
[INFO] [stdout]     |
[INFO] [stdout]     = note: import resolution is stuck, try simplifying macro imports
[INFO] [stdout] 
[INFO] [stdout] 
[INFO] [stdout] error: cannot determine resolution for the macro `parse_quote`
[INFO] [stdout]    --> src/lib.rs:161:36
[INFO] [stdout]     |
[INFO] [stdout] 161 |             type_param.bounds.push(parse_quote!(#matrix_pickle::Encode));
[INFO] [stdout]     |                                    ^^^^^^^^^^^
[INFO] [stdout]     |
[INFO] [stdout]     = note: import resolution is stuck, try simplifying macro imports
[INFO] [stdout] 
[INFO] [stdout] 
[INFO] [stdout] error: cannot determine resolution for the macro `parse_quote`
[INFO] [stdout]   --> src/lib.rs:62:36
[INFO] [stdout]    |
[INFO] [stdout] 62 |             type_param.bounds.push(parse_quote!(#matrix_pickle::Encode));
[INFO] [stdout]    |                                    ^^^^^^^^^^^
[INFO] [stdout]    |
[INFO] [stdout]    = note: import resolution is stuck, try simplifying macro imports
[INFO] [stdout] 
[INFO] [stdout] 
[INFO] [stdout] error: cannot determine resolution for the macro `parse_quote`
[INFO] [stdout]   --> src/lib.rs:62:36
[INFO] [stdout]    |
[INFO] [stdout] 62 |             type_param.bounds.push(parse_quote!(#matrix_pickle::Encode));
[INFO] [stdout]    |                                    ^^^^^^^^^^^
[INFO] [stdout]    |
[INFO] [stdout]    = note: import resolution is stuck, try simplifying macro imports
[INFO] [stdout] 
[INFO] [stdout] 
[INFO] [stdout] error: cannot determine resolution for the macro `parse_macro_input`
[INFO] [stdout]   --> src/lib.rs:55:21
[INFO] [stdout]    |
[INFO] [stdout] 55 |     let mut input = parse_macro_input!(input as DeriveInput);
[INFO] [stdout]    |                     ^^^^^^^^^^^^^^^^^
[INFO] [stdout]    |
[INFO] [stdout]    = note: import resolution is stuck, try simplifying macro imports
[INFO] [stdout] 
[INFO] [stdout] 
[INFO] [stdout] error: cannot determine resolution for the macro `parse_macro_input`
[INFO] [stdout]   --> src/lib.rs:55:21
[INFO] [stdout]    |
[INFO] [stdout] 55 |     let mut input = parse_macro_input!(input as DeriveInput);
[INFO] [stdout]    |                     ^^^^^^^^^^^^^^^^^
[INFO] [stdout]    |
[INFO] [stdout]    = note: import resolution is stuck, try simplifying macro imports
[INFO] [stdout] 
[INFO] [stdout] 
[INFO] [stdout] error[E0433]: failed to resolve: could not find `Index` in `syn`
[INFO] [stdout]   --> src/lib.rs:92:49
[INFO] [stdout]    |
[INFO] [stdout] 92 |             let i = (0..unnamed.len()).map(syn::Index::from);
[INFO] [stdout]    |                                                 ^^^^^ could not find `Index` in `syn`
[INFO] [stdout]    |
[INFO] [stdout] help: consider importing one of these items
[INFO] [stdout]    |
[INFO] [stdout] 32 + use core::ops::Index;
[INFO] [stdout]    |
[INFO] [stdout] 32 + use std::ops::Index;
[INFO] [stdout]    |
[INFO] [stdout] help: if you import `Index`, refer to it directly
[INFO] [stdout]    |
[INFO] [stdout] 92 -             let i = (0..unnamed.len()).map(syn::Index::from);
[INFO] [stdout] 92 +             let i = (0..unnamed.len()).map(Index::from);
[INFO] [stdout]    |
[INFO] [stdout] 
[INFO] [stdout] 
[INFO] [stdout] error[E0433]: failed to resolve: could not find `Index` in `syn`
[INFO] [stdout]   --> src/lib.rs:92:49
[INFO] [stdout]    |
[INFO] [stdout] 92 |             let i = (0..unnamed.len()).map(syn::Index::from);
[INFO] [stdout]    |                                                 ^^^^^ could not find `Index` in `syn`
[INFO] [stdout]    |
[INFO] [stdout] help: consider importing one of these items
[INFO] [stdout]    |
[INFO] [stdout] 32 + use core::ops::Index;
[INFO] [stdout]    |
[INFO] [stdout] 32 + use std::ops::Index;
[INFO] [stdout]    |
[INFO] [stdout] help: if you import `Index`, refer to it directly
[INFO] [stdout]    |
[INFO] [stdout] 92 -             let i = (0..unnamed.len()).map(syn::Index::from);
[INFO] [stdout] 92 +             let i = (0..unnamed.len()).map(Index::from);
[INFO] [stdout]    |
[INFO] [stdout] 
[INFO] [stdout] 
[INFO] [stdout] error: aborting due to 6 previous errors
[INFO] [stdout] 
[INFO] [stdout] 
[INFO] [stdout] Some errors have detailed explanations: E0432, E0433.
[INFO] [stdout] 
[INFO] [stdout] For more information about an error, try `rustc --explain E0432`.
[INFO] [stdout] 
[INFO] [stdout] error: aborting due to 6 previous errors
[INFO] [stdout] 
[INFO] [stdout] 
[INFO] [stdout] Some errors have detailed explanations: E0432, E0433.
[INFO] [stdout] 
[INFO] [stdout] For more information about an error, try `rustc --explain E0432`.
[INFO] [stdout] 
[INFO] [stderr] error: could not compile `matrix-pickle-derive` (lib test) due to 7 previous errors
[INFO] [stderr] warning: build failed, waiting for other jobs to finish...
[INFO] [stderr] error: could not compile `matrix-pickle-derive` (lib) due to 7 previous errors
[INFO] running `Command { std: "docker" "inspect" "75af008debba3023bb94a40f446ef5173b16d82828924fa7d8a233e4e787f23c", kill_on_drop: false }`
[INFO] running `Command { std: "docker" "rm" "-f" "75af008debba3023bb94a40f446ef5173b16d82828924fa7d8a233e4e787f23c", kill_on_drop: false }`
[INFO] [stdout] 75af008debba3023bb94a40f446ef5173b16d82828924fa7d8a233e4e787f23c
